652 is divided by 54025?
27
What is the remainder when 78764 is divided by 7873?
34
Calculate the remainder when 1997667 is divided by 27365.
22
What is the remainder when 1728523001 is divided by 5689?
5686
What is the remainder when 1276431 is divided by 11929?
28
What is the remainder when 9209086 is divided by 1841811?
31
Calculate the remainder when 106064 is divided by 20413.
3999
What is the remainder when 83549 is divided by 1249?
1115
Calculate the remainder when 12141 is divided by 362.
195
What is the remainder when 1532 is divided by 520?
492
Calculate the remainder when 6694156 is divided by 1624.
28
What is the remainder when 635775 is divided by 48863?
556
What is the remainder when 1405205 is divided by 428?
81
Calculate the remainder when 744269 is divided by 744226.
43
What is the remainder when 9257 is divided by 506?
149
Calculate the remainder when 50481 is divided by 203.
137
Calculate the remainder when 268986 is divided by 97.
5
What is the remainder when 1543067 is divided by 133?
1
What is the remainder when 137345 is divided by 15?
5
What is the remainder when 9071880 is divided by 161?
13
What is the remainder when 62378 is divided by 14861?
2934
What is the remainder when 3759357 is divided by 2201?
49
Calculate the remainder when 89691 is divided by 44056.
1579
Calculate the remainder when 754903 is divided by 35801.
3082
What is the remainder when 72553 is divided by 9045?
193
What is the remainder when 5356102 is divided by 315064?
14
What is the remainder when 12884136 is divided by 54?
6
Calculate the remainder when 116075 is divided by 35684.
9023
Calculate the remainder when 1356269 is divided by 229.
131
Calculate the remainder when 81758 is divided by 15506.
4228
Calculate the remainder when 8226768 is divided by 22539.
33
Calculate the remainder when 12625232 is divided by 2753.
2727
What is the remainder when 794418 is divided by 158841?
213
What is the remainder when 32888893 is divided by 4111109?
21
Calculate the remainder when 626740 is divided by 2420.
2380
What is the remainder when 2390117 is divided by 1195049?
19
Calculate the remainder when 165172 is divided by 400.
372
What is the remainder when 575787 is divided by 292?
255
Calculate the remainder when 796123 is divided by 22.
9
Calculate the remainder when 4144225 is divided by 1776.
817
Calculate the remainder when 450219 is divided by 40919.
110
What is the remainder when 7620702 is divided by 891?
870
What is the remainder when 484382855 is divided by 164?
163
What is the remainder when 3922992 is divided by 2?
0
What is the remainder when 575620 is divided by 4534?
4336
Calculate the remainder when 4132766 is divided by 155.
1
What is the remainder when 55307846 is divided by 74?
24
What is the remainder when 186804 is divided by 23?
21
Calculate the remainder when 1489610 is divided by 32.
10
Calculate the remainder when 359994 is divided by 4249.
3078
What is the remainder when 268296 is divided by 8942?
36
Calculate the remainder when 1970152 is divided by 61567.
8
What is the remainder when 1082280 is divided by 9407?
475
What is the remainder when 10763741 is divided by 85?
21
What is the remainder when 96106 is divided by 120?
106
Calculate the remainder when 334050 is divided by 581.
556
What is the remainder when 15620253 is divided by 4?
1
What is the remainder when 9195 is divided by 881?
385
What is the remainder when 4517806 is divided by 196424?
54
Calculate the remainder when 158675 is divided by 39600.
275
What is the remainder when 7902746 is divided by 1003?
109
Calculate the remainder when 3263794 is divided by 829.
21
Calculate the remainder when 13609823 is divided by 613.
610
Calculate the remainder when 68365 is divided by 6215.
0
What is the remainder when 723929 is divided by 60?
29
What is the remainder when 841363602 is divided by 135?
132
Calculate the remainder when 80093366 is divided by 132.
122
What is the remainder when 11604143 is divided by 10?
3
Calculate the remainder when 3108757 is divided by 2550.
307
Calculate the remainder when 4258463 is divided by 61.
53
Calculate the remainder when 27521221 is divided by 3944.
3933
What is the remainder when 63633782 is divided by 134?
130
Calculate the remainder when 51477 is divided by 16749.
1230
Calculate the remainder when 61153246 is divided by 659.
23
Calculate the remainder when 23260847 is divided by 29076.
47
What is the remainder when 9044943 is divided by 8885?
13
What is the remainder when 78584219 is divided by 1420?
1419
What is the remainder when 1251836 is divided by 113610?
2126
Calculate the remainder when 557675 is divided by 1567.
1390
What is the remainder when 36879813 is divided by 890?
883
What is the remainder when 114590 is divided by 408?
350
What is the remainder when 3037252 is divided by 46?
10
What is the remainder when 38060318 is divided by 1084?
1078
Calculate the remainder when 529911 is divided by 12924.
27
Calculate the remainder when 128739 is divided by 6357.
1599
What is the remainder when 552013 is divided by 275991?
31
Calculate the remainder when 7080724 is divided by 2.
0
What is the remainder when 23044699 is divided by 61?
58
What is the remainder when 4865359 is divided by 80?
79
Calculate the remainder when 1014941 is divided by 11756.
3925
What is the remainder when 5834537 is divided by 65?
7
What is the remainder when 18029 is divided by 539?
242
Calculate the remainder when 7070463 is divided by 694.
685
Calculate the remainder when 198322 is divided by 97349.
3624
Calculate the remainder when 1521978 is divided by 223.
3
What is the remainder when 18134287 is divided by 50939?
3
What is the remainder when 425535 is divided by 19342?
11
Calculate the remainder when 37607 is divided by 6152.
695
Calculate the remainder when 30283024 is divided by 31.
23
Calculate the remainder when 12112795 is divided by 15.
10
What is the remainder when 62394 is divided by 27797?
6800
Calculate the remainder when 13183668 is divided by 62.
50
What is the remainder when 97988 is divided by 9584?
2148
What is the remainder when 252942 is divided by 11670?
7872
What is the remainder when 112788 is divided by 56331?
126
What is the remainder when 30759419 is divided by 6151880?
19
What is the remainder when 30460208 is divided by 369?
365
Calculate the remainder when 130720 is divided by 693.
436
Calculate the remainder when 1343720 is divided by 149302.
2
What is the remainder when 1354528 is divided by 1691?
37
Calculate the remainder when 2532105 is divided by 3198.
2487
What is the remainder when 24723 is divided by 631?
114
Calculate the remainder when 10756 is divided by 2447.
968
Calculate the remainder when 89806 is divided by 22442.
38
What is the remainder when 23094 is divided by 5668?
422
What is the remainder when 404323714 is divided by 2553?
2551
Calculate the remainder when 692620 is divided by 129.
19
What is the remainder when 17196190 is divided by 26?
24
Calculate the remainder when 8974572 is divided by 4395.
4377
Calculate the remainder when 1736898 is divided by 10098.
42
Calculate the remainder when 79430 is divided by 79143.
287
Calculate the remainder when 84247 is divided by 517.
493
What is the remainder when 784633145 is divided by 17?
15
What is the remainder when 5922297 is divided by 81120?
537
What is the remainder when 47551 is divided by 32?
31
What is the remainder when 495957 is divided by 59?
3
What is the remainder when 235025994 is divided by 1922?
1912
What is the remainder when 572406389 is divided by 6?
5
What is the remainder when 1460855485 is divided by 8?
5
What is the remainder when 1043055 is divided by 2654?
33
Calculate the remainder when 419029 is divided by 819.
520
What is the remainder when 3853626 is divided by 150?
126
Calculate the remainder when 3052951 is divided by 295.
291
What is the remainder when 175682 is divided by 255?
242
What is the remainder when 871745 is divided by 217909?
109
Calculate the remainder when 127737 is divided by 2763.
639
Calculate the remainder when 2077832 is divided by 5.
2
What is the remainder when 3820770 is divided by 106110?
810
What is the remainder when 17919478 is divided by 292?
22
Calculate the remainder when 1187873 is divide